hest common factor of 176 and f.
22
Let g = -234 - -275. Calculate the greatest common divisor of g and 410.
41
Let s = -302 - -488. Suppose 2*a - 5*m + 36 - s = 0, a - 66 = -2*m. What is the highest common divisor of a and 14?
14
Suppose 4*m - 6*m = -14. Let v be (-21)/2*-1*144/27. Calculate the greatest common divisor of m and v.
7
Let g(k) = k**2 - 19*k - 13. Let h = 12 - -8. Let j be g(h). Calculate the highest common divisor of 21 and j.
7
Let t be (-20)/(-70) + (-1216)/(-56). What is the highest common divisor of 220 and t?
22
Suppose 4*a - 2*t - 54 = 0, a + 4 = -5*t + 2*t. Suppose 0 = -12*q - 66 + 990. Calculate the greatest common divisor of q and a.
11
Let u(v) = -495*v + 3515. Let w be u(7). Let s = 34 - 4. Suppose -c = 2*c - s. What is the highest common divisor of w and c?
10
Let d = -173 + 333. Calculate the greatest common factor of d and 120.
40
Suppose 3*o - 66 = 54. Calculate the greatest common factor of 8 and o.
8
Suppose 1379 - 17065 = -23*a. Calculate the greatest common factor of 22 and a.
22
Let f = 36 - 19. Let l = -14 + f. Calculate the highest common divisor of l and 24.
3
Let s = 16 + -12. Let n be (-44)/55 - s*(-12)/10. What is the highest common factor of 16 and n?
4
Let b(y) = -12*y + 76. Let j be b(5). Suppose u + 4*u = 320. What is the highest common factor of j and u?
16
Let z be (-260)/(-2) - 2 - (-1 + -3). Calculate the highest common factor of z and 88.
44
Suppose -35*r + 478 = 23. Suppose -155 = 4*w + 4*n - 835, -n = -w + 168. What is the greatest common factor of r and w?
13
Let w = 40902 + -40887. Let h(u) = 16*u**3 - u. Suppose -3*b - 1 = -2*o + 1, 5*o - 5 = b. Let i be h(o). Calculate the greatest common divisor of w and i.
15
Suppose 4*y + 4 = 6*y. Let l(u) = -163*u + 6. Let a be l(-3). Suppose -y*s - s + a = 0. What is the greatest common divisor of s and 15?
15
Let f(g) = -7*g - 34. Let v be f(-16). Let j = 237 + v. What is the greatest common factor of j and 45?
45
Suppose 15*b - 7660 = 500. Calculate the highest common factor of b and 51.
17
Suppose -k + 5*w = 4*w - 17, -4*k = 2*w - 74. Let c(u) = -3*u + 3. Let h be c(-7). Suppose 14*l + h = 18*l. What is the greatest common factor of l and k?
6
Suppose -3*h - 3*m = -3, 0 = -2*h - 4*m - 17 + 11. Calculate the greatest common divisor of h and 465.
5
Let g be ((-3)/(-5))/3 - (-9966)/(-55). Let y = g + 412. Calculate the highest common factor of y and 11.
11
Suppose 5*z - 168 = z. Let u = 66 - z. What is the highest common divisor of 72 and u?
24
Let r(o) = -2*o + 6. Let h be r(-5). Let c(f) = -f**3 - 7*f**2 + 6*f + 32. Let b be c(-8). What is the greatest common factor of h and b?
16
Let z(w) = 11*w**2 - 9*w. Let i be z(2). What is the greatest common divisor of 650 and i?
26
Suppose 4*g + 8 = 2*m + 2*m, -g = -2*m + 4. Suppose g = h - 14 + 1. Suppose l = r + 20, 2*l = -3*r + h + 7. What is the greatest common factor of l and 128?
16
Let i(b) = b**2 + 4*b - 8. Let v be i(-6). Suppose 25 = 4*l + 9. Suppose -z + u + 31 = 0, l*z - 30 = -u + 119. What is the greatest common divisor of v and z?
4
Let s = 39 + -68. Let x = -12 - s. Let m = x - 10. What is the greatest common divisor of m and 28?
7
Let v = 483 + -375. Let p = 46 + -19. Calculate the greatest common divisor of p and v.
27
Suppose -9 = -3*j, 58 - 139 = -r + 5*j. Let z = r + -64. Calculate the greatest common factor of z and 8.
8
Suppose 0*c - 2*c = 3*o - 50, 5*o = -5*c + 85. What is the highest common factor of o and 72?
8
Suppose -4*t - 2 = -5*b + 11, 3*t - b = 4. Suppose -a + t = -0*a. Let r(i) = -i + 10. Let o be r(-8). What is the highest common factor of o and a?
3
Let z = 1057 + -623. What is the greatest common factor of z and 372?
62
Suppose 3*m - c + 2 = 13, -5*c = -5*m + 35. Let g be (1/m*-1)/(59/(-19352)). Calculate the highest common factor of 41 and g.
41
Let a(j) = 2*j - 3. Let m be a(6). Let i = -4 + m. Suppose i*w = 5, 3*w - 5*w = z - 5. What is the greatest common divisor of 24 and z?
3
Let p be (15/60)/((-5)/(-20)). Suppose -2*w - 7 = -f - 31, -w + 4*f = -19. What is the highest common factor of w and p?
1
Let z(w) = 2*w. Let q be z(-4). Let s = 11 + q. Let v be 2/(-5)*s*-80. What is the highest common divisor of v and 12?
12
Let v = 1428 - 1418. Let q(y) = -y**3 + 5*y**2 + y + 2. Let f be q(5). Let w = f + -3. Calculate the greatest common factor of w and v.
2
Let x(f) = -f**3 + 12*f**2 + f - 9. Let i be x(12). Let s be -54 - ((-12)/i + 0). Let k = s + 77. Calculate the greatest common factor of 18 and k.
9
Suppose -4*w + 25 = t, -3*t - 35 = -5*w - 8*t. Let a be 2 + 0 - 2*(10 + -12). What is the greatest common factor of w and a?
6
Let i be -18*(3/(-2) - 1). Let u be 4/24 + 2/(-24)*-178. Calculate the greatest common divisor of i and u.
15
Suppose -2*s + v = -2*v - 6, -s - 4*v = -3. Suppose -z + 71 = -s. Calculate the highest common divisor of 111 and z.
37
Suppose -10*d + 6*d + q + 349 = 0, -2*d + 171 = 3*q. Calculate the highest common divisor of 116 and d.
29
Let h(q) = 2*q**2 + 15*q - 7. Let t be h(-8). Let w be t/(1 - (-175)/(-180)). What is the highest common divisor of w and 9?
9
Suppose -3*m = 4*i + m - 192, 0 = -5*i - 2*m + 231. Calculate the highest common divisor of 315 and i.
45
Let h(y) = 2*y. Let u be h(2). Let w be u + 0 + 18 + 0. Suppose b = w - 6. Calculate the greatest common factor of 40 and b.
8
Let r = -873 + 914. What is the greatest common factor of 1271 and r?
41
Let p be ((-3)/4)/(9/(-36)). Suppose 4*h = 3*h - 3*u + p, 0 = 2*u + 6. Let t be 4 + h + 6/(-3). What is the greatest common divisor of t and 28?
14
Let p = -17 - -35. Suppose -p*t + 22*t = 8. What is the highest common divisor of 16 and t?
2
Let l(j) = -2*j**3 - 11*j**2 + 4*j - 4. Let w be l(-6). Let v be (-1 - 3)/(w/(-16)). What is the highest common divisor of v and 2?
2
Suppose 27 = -n - 8. Let u be (14/n)/((-1)/300). Suppose -i + 96 = 3*i. What is the greatest common factor of u and i?
24
Let d = -7 - 2. Let j(p) be the first derivative of -p**4/4 - 3*p**3 + 5*p - 67. Let y be j(d). Calculate the highest common factor of y and 15.
5
Let o = 50 - 39. Suppose -3*n + 3*g + 28 = 7, n = -5*g - o. Calculate the highest common factor of n and 8.
4
Let t be 3 + -145*(4 + (-96)/20). Calculate the highest common divisor of t and 34.
17
Let n = 43 + -67. Let l = n + 46. What is the greatest common divisor of 11 and l?
11
Suppose 28*d - 12*d = 560. Let q be (4 - -1) + -3 + 5. What is the highest common factor of q and d?
7
Suppose p - 299 = -2*q, -120 = -q - 4*p + 12. Let g be -1 - (0 - -1 - 10). What is the highest common factor of g and q?
8
Let j be 21*(-7 + 4)*(-8)/3. Let r = -27 + 48. Calculate the greatest common divisor of j and r.
21
Let v be 22*(-2 + 3)*10/20. Let j be -1 + (1 - 0) + 121. What is the greatest common factor of j and v?
11
Let b = 7066 - 7038. Suppose -4*x = -5*a - 140, -x = 4*x - 5*a - 175. Calculate the highest common factor of x and b.
7
Suppose 16 = d - 5*l, -2*l - 4 = 4*d - 2*d. Let c be d/(2/56*4). Calculate the greatest common divisor of c and 35.
7
Suppose 4*q - 3*q + 13 = 0. Let g = q + 15. Let v = 8 - g. What is the greatest common divisor of 24 and v?
6
Let x(o) = o**2 + 15*o + 10. Suppose -5*f = -0*f + 75. Let a be x(f). Let l be (-1 - 4)*(-66)/a. What is the highest common factor of 3 and l?
3
Let m(d) = -5*d**3 - 3*d**2 + 2*d + 3. Let s be m(-3). What is the greatest common factor of s and 273?
21
Suppose 0 = -11*g + 3*g. Suppose -104 = -0*o - 4*o. Suppose -5*a + 414 = 3*b, a + 3*b - o - 52 = g. What is the highest common divisor of a and 12?
12
Suppose w = 4*w + v - 491, 3*w = -5*v + 475. What is the highest common divisor of w and 66?
33
Let k be (-2)/18 + (1540/90 - 5). Calculate the highest common factor of 300 and k.
12
Suppose j - 6*j - 10 = 0. Let h be (-570)/(-12) - 1/j. What is the highest common factor of h and 32?
16
Let g(p) = -p**2 - 2*p - 1. Let d = 15 - 16. Let l be g(d). Suppose 4*m = -5*x + 89 + 80, l = 3*m - 2*x - 98. What is the greatest common divisor of 54 and m?
18
Suppose -11 = -2*t + 3*s - 2, -4*s + 48 = 4*t. Let o(b) = -b**3 + 47*b**2 - 492*b - 1. Let x be o(16). Calculate the greatest common factor of t and x.
9
Let h(t) = t**3 - t**2 - t + 35. Let a(u) = u**2 - 9*u - 16. Let z be a(8). Let r = -24 - z. Let g be h(r). Calculate the 